{"id":24,"date":"2024-11-29T18:09:03","date_gmt":"2024-11-29T18:09:03","guid":{"rendered":"https:\/\/lapipafilms.com\/index.php\/about\/"},"modified":"2025-04-08T09:35:36","modified_gmt":"2025-04-08T09:35:36","slug":"about","status":"publish","type":"page","link":"https:\/\/lapipafilms.com\/index.php\/about\/","title":{"rendered":"About us"},"content":{"rendered":"\t\t<div data-elementor-type=\"wp-page\" data-elementor-id=\"24\" class=\"elementor elementor-24\">\n\t\t\t\t<div class=\"elementor-element elementor-element-ea67df3 e-flex e-con-boxed e-con e-parent\" data-id=\"ea67df3\" data-element_type=\"container\" data-e-type=\"container\">\n\t\t\t\t\t<div class=\"e-con-inner\">\n\t\t\t\t<div class=\"elementor-element elementor-element-196ebca elementor-widget__width-inherit elementor-widget elementor-widget-heading\" data-id=\"196ebca\" data-element_type=\"widget\" data-e-type=\"widget\" data-widget_type=\"heading.default\">\n\t\t\t\t<div class=\"elementor-widget-container\">\n\t\t\t\t\t<h2 class=\"elementor-heading-title elementor-size-default\"><p style=\"font-weight: 200\"> CREADA Y CON BASE EN <strong style=\"letter-spacing: 2.4px\">MADRID<\/strong><span style=\"letter-spacing: 2.4px\"><\/span><\/p><\/h2>\t\t\t\t<\/div>\n\t\t\t\t<\/div>\n\t\t\t\t\t<\/div>\n\t\t\t\t<\/div>\n\t\t<div class=\"elementor-element elementor-element-ddec683 e-flex e-con-boxed e-con e-parent\" data-id=\"ddec683\" data-element_type=\"container\" data-e-type=\"container\">\n\t\t\t\t\t<div class=\"e-con-inner\">\n\t\t\t\t<div class=\"elementor-element elementor-element-e853977 elementor-widget__width-initial elementor-widget elementor-widget-text-editor\" data-id=\"e853977\" data-element_type=\"widget\" data-e-type=\"widget\" data-widget_type=\"text-editor.default\">\n\t\t\t\t<div class=\"elementor-widget-container\">\n\t\t\t\t\t\t\t\t\t<p>LAPIPA films est\u00e1 integrada por 4 cineastas de distinta \u00edndole y especialidad pero con un mismo objetivo com\u00fan: crear nuestro propio estilo audiovisual, a trav\u00e9s de cualquier formato, g\u00e9nero e infraestructura.<\/p>\t\t\t\t\t\t\t\t<\/div>\n\t\t\t\t<\/div>\n\t\t\t\t\t<\/div>\n\t\t\t\t<\/div>\n\t\t<div class=\"elementor-element elementor-element-d3b50c7 e-con-full e-flex e-con e-parent\" data-id=\"d3b50c7\" data-element_type=\"container\" data-e-type=\"container\">\n\t\t<div class=\"elementor-element elementor-element-29d155c e-con-full e-flex e-con e-child\" data-id=\"29d155c\" data-element_type=\"container\" data-e-type=\"container\">\n\t\t\t\t<div class=\"elementor-element elementor-element-b54cf9e elementor-widget elementor-widget-image\" data-id=\"b54cf9e\" data-element_type=\"widget\" data-e-type=\"widget\" data-widget_type=\"image.default\">\n\t\t\t\t<div class=\"elementor-widget-container\">\n\t\t\t\t\t\t\t\t\t\t\t\t<figure class=\"wp-caption\">\n\t\t\t\t\t\t\t\t\t\t<img fetchpriority=\"high\" decoding=\"async\" width=\"1170\" height=\"1000\" src=\"https:\/\/lapipafilms.com\/wp-content\/uploads\/2025\/02\/IMG_2863-3.jpg\" class=\"attachment-full size-full wp-image-596\" alt=\"\" srcset=\"https:\/\/lapipafilms.com\/wp-content\/uploads\/2025\/02\/IMG_2863-3.jpg 1170w, https:\/\/lapipafilms.com\/wp-content\/uploads\/2025\/02\/IMG_2863-3-300x256.jpg 300w, https:\/\/lapipafilms.com\/wp-content\/uploads\/2025\/02\/IMG_2863-3-1024x875.jpg 1024w, https:\/\/lapipafilms.com\/wp-content\/uploads\/2025\/02\/IMG_2863-3-768x656.jpg 768w\" sizes=\"(max-width: 1170px) 100vw, 1170px\" \/>\t\t\t\t\t\t\t\t\t\t\t<figcaption class=\"widget-image-caption wp-caption-text\"><p style=\"font-weight: 600\">Carmen Calvarro de Antonio<\/p>Directora, crack y puta ama<\/figcaption>\n\t\t\t\t\t\t\t\t\t\t<\/figure>\n\t\t\t\t\t\t\t\t\t<\/div>\n\t\t\t\t<\/div>\n\t\t\t\t<\/div>\n\t\t<div class=\"elementor-element elementor-element-db64a04 e-con-full e-flex e-con e-child\" data-id=\"db64a04\" data-element_type=\"container\" data-e-type=\"container\">\n\t\t\t\t<div class=\"elementor-element elementor-element-4e02746 elementor-widget elementor-widget-image\" data-id=\"4e02746\" data-element_type=\"widget\" data-e-type=\"widget\" data-widget_type=\"image.default\">\n\t\t\t\t<div class=\"elementor-widget-container\">\n\t\t\t\t\t\t\t\t\t\t\t\t<figure class=\"wp-caption\">\n\t\t\t\t\t\t\t\t\t\t<img decoding=\"async\" width=\"2048\" height=\"1365\" src=\"https:\/\/lapipafilms.com\/wp-content\/uploads\/2025\/02\/DSCF0773.jpg\" class=\"attachment-full size-full wp-image-585\" alt=\"\" srcset=\"https:\/\/lapipafilms.com\/wp-content\/uploads\/2025\/02\/DSCF0773.jpg 2048w, https:\/\/lapipafilms.com\/wp-content\/uploads\/2025\/02\/DSCF0773-300x200.jpg 300w, https:\/\/lapipafilms.com\/wp-content\/uploads\/2025\/02\/DSCF0773-1024x683.jpg 1024w, https:\/\/lapipafilms.com\/wp-content\/uploads\/2025\/02\/DSCF0773-768x512.jpg 768w, https:\/\/lapipafilms.com\/wp-content\/uploads\/2025\/02\/DSCF0773-1536x1024.jpg 1536w\" sizes=\"(max-width: 2048px) 100vw, 2048px\" \/>\t\t\t\t\t\t\t\t\t\t\t<figcaption class=\"widget-image-caption wp-caption-text\"><p style=\"font-weight: 600\">Pia Bonilla Camu\u00f1as<\/p>Directora, crack y puta ama tambi\u00e9n<\/figcaption>\n\t\t\t\t\t\t\t\t\t\t<\/figure>\n\t\t\t\t\t\t\t\t\t<\/div>\n\t\t\t\t<\/div>\n\t\t\t\t<\/div>\n\t\t<div class=\"elementor-element elementor-element-58391b5 e-con-full e-flex e-con e-child\" data-id=\"58391b5\" data-element_type=\"container\" data-e-type=\"container\">\n\t\t\t\t<div class=\"elementor-element elementor-element-9e9ae40 elementor-widget elementor-widget-image\" data-id=\"9e9ae40\" data-element_type=\"widget\" data-e-type=\"widget\" data-widget_type=\"image.default\">\n\t\t\t\t<div class=\"elementor-widget-container\">\n\t\t\t\t\t\t\t\t\t\t\t\t<figure class=\"wp-caption\">\n\t\t\t\t\t\t\t\t\t\t<img decoding=\"async\" width=\"800\" height=\"801\" src=\"https:\/\/lapipafilms.com\/wp-content\/uploads\/2025\/03\/WhatsApp-Image-2025-03-05-at-11.00.45.jpeg\" class=\"attachment-large size-large wp-image-659\" alt=\"\" srcset=\"https:\/\/lapipafilms.com\/wp-content\/uploads\/2025\/03\/WhatsApp-Image-2025-03-05-at-11.00.45.jpeg 960w, https:\/\/lapipafilms.com\/wp-content\/uploads\/2025\/03\/WhatsApp-Image-2025-03-05-at-11.00.45-300x300.jpeg 300w, https:\/\/lapipafilms.com\/wp-content\/uploads\/2025\/03\/WhatsApp-Image-2025-03-05-at-11.00.45-150x150.jpeg 150w, https:\/\/lapipafilms.com\/wp-content\/uploads\/2025\/03\/WhatsApp-Image-2025-03-05-at-11.00.45-768x769.jpeg 768w\" sizes=\"(max-width: 800px) 100vw, 800px\" \/>\t\t\t\t\t\t\t\t\t\t\t<figcaption class=\"widget-image-caption wp-caption-text\"><p style=\"font-weight: 600\">Carmen Calvarro de Antonio<\/p>Directora, crack y encima actriz<\/figcaption>\n\t\t\t\t\t\t\t\t\t\t<\/figure>\n\t\t\t\t\t\t\t\t\t<\/div>\n\t\t\t\t<\/div>\n\t\t\t\t<\/div>\n\t\t<div class=\"elementor-element elementor-element-21faa14 e-con-full e-flex e-con e-child\" data-id=\"21faa14\" data-element_type=\"container\" data-e-type=\"container\">\n\t\t\t\t<div class=\"elementor-element elementor-element-96c05b4 elementor-widget elementor-widget-image\" data-id=\"96c05b4\" data-element_type=\"widget\" data-e-type=\"widget\" data-widget_type=\"image.default\">\n\t\t\t\t<div class=\"elementor-widget-container\">\n\t\t\t\t\t\t\t\t\t\t\t\t<figure class=\"wp-caption\">\n\t\t\t\t\t\t\t\t\t\t<img loading=\"lazy\" decoding=\"async\" width=\"800\" height=\"972\" src=\"https:\/\/lapipafilms.com\/wp-content\/uploads\/2025\/04\/MEJOR-843x1024.jpeg\" class=\"attachment-large size-large wp-image-695\" alt=\"\" srcset=\"https:\/\/lapipafilms.com\/wp-content\/uploads\/2025\/04\/MEJOR-843x1024.jpeg 843w, https:\/\/lapipafilms.com\/wp-content\/uploads\/2025\/04\/MEJOR-247x300.jpeg 247w, https:\/\/lapipafilms.com\/wp-content\/uploads\/2025\/04\/MEJOR-768x933.jpeg 768w, https:\/\/lapipafilms.com\/wp-content\/uploads\/2025\/04\/MEJOR.jpeg 1124w\" sizes=\"(max-width: 800px) 100vw, 800px\" \/>\t\t\t\t\t\t\t\t\t\t\t<figcaption class=\"widget-image-caption wp-caption-text\"><p style=\"font-weight: 600\">Carlos Soler S\u00e1nchez<\/p>Cuando quieras, donde quieras, Cola Cao.<\/figcaption>\n\t\t\t\t\t\t\t\t\t\t<\/figure>\n\t\t\t\t\t\t\t\t\t<\/div>\n\t\t\t\t<\/div>\n\t\t\t\t<\/div>\n\t\t\t\t<\/div>\n\t\t<header class=\"elementor-element elementor-element-38476c3 clearHeader e-flex e-con-boxed e-con e-parent\" data-id=\"38476c3\" data-element_type=\"container\" data-e-type=\"container\" data-settings=\"{&quot;background_background&quot;:&quot;classic&quot;}\">\n\t\t\t\t\t<div class=\"e-con-inner\">\n\t\t<div class=\"elementor-element elementor-element-b4a9784 e-con-full e-flex e-con e-child\" data-id=\"b4a9784\" data-element_type=\"container\" data-e-type=\"container\">\n\t\t\t\t<div class=\"elementor-element elementor-element-b486707 elementor-widget elementor-widget-image\" data-id=\"b486707\" data-element_type=\"widget\" data-e-type=\"widget\" data-widget_type=\"image.default\">\n\t\t\t\t<div class=\"elementor-widget-container\">\n\t\t\t\t\t\t\t\t\t\t\t\t\t\t\t\t<a href=\"https:\/\/lapipafilms.com\/\">\n\t\t\t\t\t\t\t<img loading=\"lazy\" decoding=\"async\" width=\"800\" height=\"491\" src=\"https:\/\/lapipafilms.com\/wp-content\/uploads\/2024\/11\/LOGOFINAL-1024x629.png\" class=\"attachment-large size-large wp-image-79\" alt=\"\" srcset=\"https:\/\/lapipafilms.com\/wp-content\/uploads\/2024\/11\/LOGOFINAL-1024x629.png 1024w, https:\/\/lapipafilms.com\/wp-content\/uploads\/2024\/11\/LOGOFINAL-300x184.png 300w, https:\/\/lapipafilms.com\/wp-content\/uploads\/2024\/11\/LOGOFINAL-768x471.png 768w, https:\/\/lapipafilms.com\/wp-content\/uploads\/2024\/11\/LOGOFINAL-1536x943.png 1536w, https:\/\/lapipafilms.com\/wp-content\/uploads\/2024\/11\/LOGOFINAL-2048x1257.png 2048w\" sizes=\"(max-width: 800px) 100vw, 800px\" \/>\t\t\t\t\t\t\t\t<\/a>\n\t\t\t\t\t\t\t\t\t\t\t\t\t\t\t<\/div>\n\t\t\t\t<\/div>\n\t\t\t\t<\/div>\n\t\t<div class=\"elementor-element elementor-element-122b702 e-con-full e-flex e-con e-child\" data-id=\"122b702\" data-element_type=\"container\" data-e-type=\"container\">\n\t\t\t\t<div class=\"elementor-element elementor-element-c45ba6c elementor-icon-list--layout-inline elementor-align-end elementor-list-item-link-full_width elementor-widget elementor-widget-icon-list\" data-id=\"c45ba6c\" data-element_type=\"widget\" data-e-type=\"widget\" data-widget_type=\"icon-list.default\">\n\t\t\t\t<div class=\"elementor-widget-container\">\n\t\t\t\t\t\t\t<ul class=\"elementor-icon-list-items elementor-inline-items\">\n\t\t\t\t\t\t\t<li class=\"elementor-icon-list-item elementor-inline-item\">\n\t\t\t\t\t\t\t\t\t\t<span class=\"elementor-icon-list-text\">LAProductora<\/span>\n\t\t\t\t\t\t\t\t\t<\/li>\n\t\t\t\t\t\t\t\t<li class=\"elementor-icon-list-item elementor-inline-item\">\n\t\t\t\t\t\t\t\t\t\t\t<a href=\"#\">\n\n\t\t\t\t\t\t\t\t\t\t\t<span class=\"elementor-icon-list-text\">Cartelera<\/span>\n\t\t\t\t\t\t\t\t\t\t\t<\/a>\n\t\t\t\t\t\t\t\t\t<\/li>\n\t\t\t\t\t\t\t\t<li class=\"elementor-icon-list-item elementor-inline-item\">\n\t\t\t\t\t\t\t\t\t\t\t<a href=\"https:\/\/lapipafilms.com\/index.php\/about\/\">\n\n\t\t\t\t\t\t\t\t\t\t\t<span class=\"elementor-icon-list-text\">About us<\/span>\n\t\t\t\t\t\t\t\t\t\t\t<\/a>\n\t\t\t\t\t\t\t\t\t<\/li>\n\t\t\t\t\t\t\t\t<li class=\"elementor-icon-list-item elementor-inline-item\">\n\t\t\t\t\t\t\t\t\t\t\t<a href=\"#\">\n\n\t\t\t\t\t\t\t\t\t\t\t<span class=\"elementor-icon-list-text\">Contacto<\/span>\n\t\t\t\t\t\t\t\t\t\t\t<\/a>\n\t\t\t\t\t\t\t\t\t<\/li>\n\t\t\t\t\t\t\t\t<li class=\"elementor-icon-list-item elementor-inline-item\">\n\t\t\t\t\t\t\t\t\t\t\t<a href=\"https:\/\/www.instagram.com\/lapipafilms?utm_source=ig_web_button_share_sheet&#038;igsh=ZDNlZDc0MzIxNw==\">\n\n\t\t\t\t\t\t\t\t\t\t\t\t<span class=\"elementor-icon-list-icon\">\n\t\t\t\t\t\t\t<svg aria-hidden=\"true\" class=\"e-font-icon-svg e-fab-instagram\" viewBox=\"0 0 448 512\" xmlns=\"http:\/\/www.w3.org\/2000\/svg\"><path d=\"M224.1 141c-63.6 0-114.9 51.3-114.9 114.9s51.3 114.9 114.9 114.9S339 319.5 339 255.9 287.7 141 224.1 141zm0 189.6c-41.1 0-74.7-33.5-74.7-74.7s33.5-74.7 74.7-74.7 74.7 33.5 74.7 74.7-33.6 74.7-74.7 74.7zm146.4-194.3c0 14.9-12 26.8-26.8 26.8-14.9 0-26.8-12-26.8-26.8s12-26.8 26.8-26.8 26.8 12 26.8 26.8zm76.1 27.2c-1.7-35.9-9.9-67.7-36.2-93.9-26.2-26.2-58-34.4-93.9-36.2-37-2.1-147.9-2.1-184.9 0-35.8 1.7-67.6 9.9-93.9 36.1s-34.4 58-36.2 93.9c-2.1 37-2.1 147.9 0 184.9 1.7 35.9 9.9 67.7 36.2 93.9s58 34.4 93.9 36.2c37 2.1 147.9 2.1 184.9 0 35.9-1.7 67.7-9.9 93.9-36.2 26.2-26.2 34.4-58 36.2-93.9 2.1-37 2.1-147.8 0-184.8zM398.8 388c-7.8 19.6-22.9 34.7-42.6 42.6-29.5 11.7-99.5 9-132.1 9s-102.7 2.6-132.1-9c-19.6-7.8-34.7-22.9-42.6-42.6-11.7-29.5-9-99.5-9-132.1s-2.6-102.7 9-132.1c7.8-19.6 22.9-34.7 42.6-42.6 29.5-11.7 99.5-9 132.1-9s102.7-2.6 132.1 9c19.6 7.8 34.7 22.9 42.6 42.6 11.7 29.5 9 99.5 9 132.1s2.7 102.7-9 132.1z\"><\/path><\/svg>\t\t\t\t\t\t<\/span>\n\t\t\t\t\t\t\t\t\t\t<span class=\"elementor-icon-list-text\"><\/span>\n\t\t\t\t\t\t\t\t\t\t\t<\/a>\n\t\t\t\t\t\t\t\t\t<\/li>\n\t\t\t\t\t\t\t\t<li class=\"elementor-icon-list-item elementor-inline-item\">\n\t\t\t\t\t\t\t\t\t\t\t<span class=\"elementor-icon-list-icon\">\n\t\t\t\t\t\t\t<svg aria-hidden=\"true\" class=\"e-font-icon-svg e-fab-vimeo\" viewBox=\"0 0 448 512\" xmlns=\"http:\/\/www.w3.org\/2000\/svg\"><path d=\"M403.2 32H44.8C20.1 32 0 52.1 0 76.8v358.4C0 459.9 20.1 480 44.8 480h358.4c24.7 0 44.8-20.1 44.8-44.8V76.8c0-24.7-20.1-44.8-44.8-44.8zM377 180.8c-1.4 31.5-23.4 74.7-66 129.4-44 57.2-81.3 85.8-111.7 85.8-18.9 0-34.8-17.4-47.9-52.3-25.5-93.3-36.4-148-57.4-148-2.4 0-10.9 5.1-25.4 15.2l-15.2-19.6c37.3-32.8 72.9-69.2 95.2-71.2 25.2-2.4 40.7 14.8 46.5 51.7 20.7 131.2 29.9 151 67.6 91.6 13.5-21.4 20.8-37.7 21.8-48.9 3.5-33.2-25.9-30.9-45.8-22.4 15.9-52.1 46.3-77.4 91.2-76 33.3.9 49 22.5 47.1 64.7z\"><\/path><\/svg>\t\t\t\t\t\t<\/span>\n\t\t\t\t\t\t\t\t\t\t<span class=\"elementor-icon-list-text\"><\/span>\n\t\t\t\t\t\t\t\t\t<\/li>\n\t\t\t\t\t\t<\/ul>\n\t\t\t\t\t\t<\/div>\n\t\t\t\t<\/div>\n\t\t\t\t<\/div>\n\t\t\t\t\t<\/div>\n\t\t\t\t<\/header>\n\t\t\t\t<\/div>\n\t\t","protected":false},"excerpt":{"rendered":"<p>CREADA Y CON BASE EN MADRID LAPIPA films est\u00e1 integrada por 4 cineastas de distinta \u00edndole y especialidad pero con un mismo objetivo com\u00fan: crear nuestro propio estilo audiovisual, a trav\u00e9s de cualquier formato, g\u00e9nero e infraestructura. Carmen Calvarro de Antonio Directora, crack y puta ama Pia Bonilla Camu\u00f1as Directora, crack y puta ama tambi\u00e9n [&hellip;]<\/p>\n","protected":false},"author":1,"featured_media":0,"parent":0,"menu_order":0,"comment_status":"closed","ping_status":"closed","template":"elementor_header_footer","meta":{"footnotes":""},"class_list":["post-24","page","type-page","status-publish","hentry"],"_links":{"self":[{"href":"https:\/\/lapipafilms.com\/index.php\/wp-json\/wp\/v2\/pages\/24","targetHints":{"allow":["GET"]}}],"collection":[{"href":"https:\/\/lapipafilms.com\/index.php\/wp-json\/wp\/v2\/pages"}],"about":[{"href":"https:\/\/lapipafilms.com\/index.php\/wp-json\/wp\/v2\/types\/page"}],"author":[{"embeddable":true,"href":"https:\/\/lapipafilms.com\/index.php\/wp-json\/wp\/v2\/users\/1"}],"replies":[{"embeddable":true,"href":"https:\/\/lapipafilms.com\/index.php\/wp-json\/wp\/v2\/comments?post=24"}],"version-history":[{"count":113,"href":"https:\/\/lapipafilms.com\/index.php\/wp-json\/wp\/v2\/pages\/24\/revisions"}],"predecessor-version":[{"id":737,"href":"https:\/\/lapipafilms.com\/index.php\/wp-json\/wp\/v2\/pages\/24\/revisions\/737"}],"wp:attachment":[{"href":"https:\/\/lapipafilms.com\/index.php\/wp-json\/wp\/v2\/media?parent=24"}],"curies":[{"name":"wp","href":"https:\/\/api.w.org\/{rel}","templated":true}]}}